t is -10021 + 21?
-10000
In base 14, what is 9 + -19?
-10
In base 3, what is 12 - 1101211?
-1101122
In base 8, what is 6 + 4?
12
In base 6, what is 10451 - -1?
10452
In base 5, what is -20414 - 1?
-20420
In base 12, what is -1 + -211?
-212
In base 7, what is 2 + 1?
3
In base 15, what is -20c - 1?
-20d
In base 15, what is -6 + 3d?
37
In base 13, what is 4 + -984?
-980
In base 5, what is -120 - 24?
-144
In base 5, what is 10443 - -30?
11023
In base 16, what is a - -43?
4d
In base 11, what is -a + -8?
-17
In base 3, what is 20122 + 11?
20210
In base 8, what is 45 + 5?
52
In base 12, what is -12 + -35?
-47
In base 10, what is 704 - 1?
703
In base 3, what is -2211 - -110?
-2101
In base 15, what is 628 + -2?
626
In base 10, what is -5 + -8090?
-8095
In base 15, what is 5 + -b8?
-b3
In base 11, what is -1517 + -2?
-1519
In base 11, what is 3 + -74?
-71
In base 15, what is 2a + -12?
18
In base 12, what is 1a6 + -2?
1a4
In base 9, what is 12 + -13?
-1
In base 16, what is -36 + -3?
-39
In base 9, what is -4 + 18?
14
In base 16, what is -611 - -1?
-610
In base 16, what is 0 - 310?
-310
In base 5, what is 34 - 1?
33
In base 5, what is 43 + 43?
141
In base 15, what is -20 - 140?
-160
In base 6, what is -10 - -522?
512
In base 6, what is -3343 + 3?
-3340
In base 10, what is -55 - -208?
153
In base 9, what is 2182 - 7?
2174
In base 8, what is -3 - 7442?
-7445
In base 6, what is 4 - -402?
410
In base 9, what is 103 - 10?
83
In base 11, what is -11 - 114?
-125
In base 11, what is 15 - -32?
47
In base 11, what is -6 + 3?
-3
In base 6, what is -1131 - 3?
-1134
In base 7, what is 66 - -110?
206
In base 6, what is 1133 - -1?
1134
In base 5, what is -3 + -2133?
-2141
In base 5, what is 243 + -44?
144
In base 10, what is -2298 + -2?
-2300
In base 5, what is -1010 - -220?
-240
In base 14, what is 1 - 56?
-55
In base 14, what is 3 + -1167?
-1164
In base 5, what is 4 + 144?
203
In base 11, what is -5 + -53?
-58
In base 4, what is 13 + -22?
-3
In base 11, what is -428 + 5?
-423
In base 7, what is -32 + -161?
-223
In base 10, what is -935 - -3?
-932
In base 8, what is 462 - 0?
462
In base 15, what is -a9 - 6?
-b0
In base 7, what is 30 - 54?
-24
In base 13, what is -3 + -521?
-524
In base 13, what is 66 + -25?
41
In base 2, what is 10 + 10000?
10010
In base 6, what is -10102 + 5?
-10053
In base 5, what is 420414 - -1?
420420
In base 4, what is -1032110 + -11?
-1032121
In base 7, what is 234 - -6?
243
In base 2, what is -101 + -110110000100?
-110110001001
In base 12, what is -12 - 21?
-33
In base 2, what is -10100100 + -100011?
-11000111
In base 6, what is -14 + 2533?
2515
In base 2, what is 11 - 11011010?
-11010111
In base 12, what is b - 656?
-647
In base 4, what is 10 + 3?
13
In base 16, what is 4 + -66?
-62
In base 16, what is 66f1 + -3?
66ee
In base 7, what is 10 - -5?
15
In base 16, what is -2 + 296?
294
In base 2, what is -100 - -1000011?
111111
In base 3, what is 11012021 - 0?
11012021
In base 8, what is -1111 - 2?
-1113
In base 11, what is -27 - 71?
-98
In base 6, what is -12353 + -1?
-12354
In base 12, what is -2 - 6b?
-71
In base 3, what is 10 - 10022201?
-10022121
In base 6, what is 432 - 1?
431
In base 9, what is 5 - -46?
52
In base 3, what is 10222 + 11?
11010
In base 2, what is -1110 + -10001?
-11111
In base 3, what is 12011 - 1101?
10210
In base 9, what is -27 - -5?
-22
In base 15, what is 0 + -20?
-20
In base 10, what is -4 + 3676?
3672
In base 2, what is -1 - 11001?
-11010
In base 11, what is 2 + 557?
559
In base 2, what is 1 + -10?
-1
In base 10, what is -33 + -10?
-43
In base 5, what is -41 + -324?
-420
In base 14, what is -7a1 - 4?
-7a5
In base 12, what is 841 - -5?
846
In base 2, what is 100 + -100111110?
-100111010
In base 7, what is -3 + 2?
-1
In base 12, what is -3 - 508?
-50b
In base 13, what is -3 - -b6?
b3
In base 16, what is -3 - -6c?
69
In base 10, what is -7872 + 1?
-7871
In base 15, what is -185 - 2?
-187
In base 14, what is -1a9c + -3?
-1aa1
In base 14, what is 5 - -141?
146
In base 7, what is -1 + -1213?
-1214
In base 13, what is 0 - -a4b?
a4b
In base 16, what is -45a + 0?
-45a
In base 9, what is 277 - 38?
238
In base 15, what is 38b + 1?
38c
In base 12, what is -a + -47?
-55
In base 5, what is 13 + 100?
113
In base 12, what is -2 + 40?
3a
In base 6, what is -111242 - 5?
-111251
In base 7, what is 322 - 22?
300
In base 8, what is -3 + -53?
-56
In base 16, what is -5 + 6?
1
In base 11, what is 11 - -3a6?
407
In base 13, what is -5 + 125?
120
In base 14, what is 3 - -327a?
327d
In base 5, what is -1 - 112?
-113
In base 12, what is 9 + 0?
9
In base 5, what is 101 - -4?
110
In base 5, what is 122232 + -3?
122224
In base 3, what is 122 - -10?
202
In base 11, what is 779 + -9?
770
In base 2, what is 110110001110110 + 11?
110110001111001
In base 6, what is 0 + 244?
244
In base 10, what is -1085 - -7?
-1078
In base 11, what is 2 - 22?
-20
In base 4, what is 2203 + 13?
2222
In base 7, what is -110 + -6?
-116
In base 2, what is -100 - -100100011011?
100100010111
In base 5, what is 1021 - -4?
1030
In base 11, what is -13 - 2a8?
-310
In base 6, what is 2 - -50521?
50523
In base 10, what is 196 + 5?
201
In base 5, what is 41411 + 4?
41420
In base 11, what is -1 - 34?
-35
In base 15, what is 1 - -e?
10
In base 13, what is 38 - -27?
62
In base 13, what is 0 - -a4?
a4
In base 14, what is 164a + -5?
1645
In base 14, what is -9 + 27?
1c
In base 3, what is -200 - -1020?
120
In base 11, what is 8758 + -5?
8753
In base 6, what is 3 + -532?
-525
In base 8, what is 47 - 13?
34
In base 13, what is 6 - 56b?
-565
In base 2, what is 100000011011 + 11?
100000011110
In base 11, what is -205 - 6?
-210
In base 5, what is 140 - -10?
200
In base 14, what is -1 - 45?
-46
In base 15, what is 6 + -1a0e?
-1a08
In base 9, what is 178 + -37?
141
In base 4, what is -1102 - -1?
-1101
In base 8, what is -36 - -31?
-5
In base 4, what is 2020 - 0?
2020
In base 4, what is 1220 - -10?
1230
In base 13, what is 1 - -c7?
c8
In base 15, what is -3 + -bb?
-be
In base 11, what is -5 - -261?
257
In base 6, what is -1 - 523?
-524
In base 7, what is 1 - -1330?
1331
In base 7, what is 3 + 3022?
3025
In base 2, what is -100001100 + 1?
-100001011
In base 8, what is 1 + 7134?
7135
In base 9, what is -7 + -2452?
-2460
In base 4, what is 12 - 100?
-22
In base 6, what is 212 - 21?
151
In base 8, what is -574 - -2?
-572
In base 10, what is -32974 + 4?
-32970
In base 5, what is 2032 - -2?
2034
In base 3, what is 12 + -10?
2
In base 14, what is -2 + -4?
-6
In base 7, what is 156 - -4?
163
In base 11, what is 5 + a5?
aa
In base 2, what is 1010 - 100010?
-11000
In base 4, what is -10 + 10100?
10030
In base 13, what is 63 - -4?
67
In base 8, what is 0 - -122?
122
In base 8, what is -2 - 2140?
-2142
In base 11, what is -4 + -810?
-814
In base 7, what is 5 + -16?
-11
In base 14, what is -1 + -1792?
-1793
In base 10, what is 3346 - -1?
3347
In base 4, what is 23010 + 11?
23021
In base 11, what is -382 + -3?
-385
In base 5, what is -3134 - 2?
-3141
In base 11, what is 47 - 0?
47
In base 13, what is 7c75 - -2?
7c77
In base 9, what is 6 + 12?
18
In base 2, what is -1011010 - -110?
-1010100
In base 7, what is -15510 - -1?
-15506
In base 13, what is 5 - -22?
27
In base 7, what is 0 - -122?
122
In base 2, what is 1000011000 + 0?
1000011000
In base 8, what is 3 - 272?
-267
In base 16, what is -12f5 - 4?
-12f9
In base 13, what is 7c6 + a?
803
In base 3, what is -11010002 - 2?
-11010011
In base 7, what is 0 + -106?
-106
In base 15, what is 36 - 6?
30
In base 12, what is -24 + -31?
-55
In base 9, what is 3 - -88?
102
In base 3, what is 221 - 1011?
-20
In base 4, what is 1012 - 2132?
-1120
In base 5, what is 10 - -2411?
2421
In base 12, what is -20 + -2b?
-4b
In base 14, what is -33b + -1?
-33c
In base 7, what is 52 - -42?
124
In base 7, what is 40 - 5?
32
In base 2, what is -110 - -100110?
100000
In base 5, what is 0 - -231?
231
In base 15, what is 2e84 - 2?
2e82
In base 6, what is -114 + -1550?
-2104
In base 13, what is 79 + 39?
b5
In base 7, what is 0 + -11?
-11
In base 6, what is 14 - -143?
201
In base 7, what is 2 + -40?
-35
In base 7, what is 0 + -24532?
-24532
In base 9, what is 1 + 3?
4
In base 12, what is 3 + 12a?
131
In base 12, what is 2a + -4?
26
In base 16, what is -1161 + -2?
-1163
In base 9, what is 